
Is 6 a factor of 904407329?
False
Does 7 divide 336058688?
True
Is 81 a factor of 2302403?
False
Does 4 divide 18357528?
True
Is 55633140 a multiple of 855?
True
Does 107 divide 1706308349?
True
Is 1860 a factor of 18626040?
True
Is 116468125 a multiple of 125?
True
Does 20 divide 3524157?
False
Does 71 divide 44576498?
True
Is 2158303 a multiple of 7?
True
Is 13895370 a multiple of 10?
True
Is 141362452 a multiple of 4844?
True
Does 90 divide 77259510?
True
Does 681 divide 1265819646?
True
Is 7703 a factor of 584968548?
False
Is 42626220 a multiple of 1036?
True
Is 13 a factor of 17176653?
True
Does 40 divide 724617920?
True
Does 1666 divide 339150103?
False
Is 270207046 a multiple of 15?
False
Does 3 divide 92363052?
True
Does 1029 divide 522678492?
True
Does 303 divide 19988304?
True
Is 559 a factor of 306925658?
True
Is 37 a factor of 85862940?
True
Is 68 a factor of 3659152545?
False
Is 66866659 a multiple of 37?
True
Is 229 a factor of 205339577?
False
Is 2326143188 a multiple of 1122?
False
Is 641903 a multiple of 61?
True
Does 35 divide 4594021155?
False
Does 4 divide 2035778?
False
Is 536 a factor of 366434606?
False
Does 4 divide 62631651?
False
Is 34 a factor of 1207078608?
True
Is 6294 a factor of 15811892?
False
Does 31 divide 39667621?
False
Is 13900236 a multiple of 289?
False
Is 516 a factor of 556981487?
False
Is 1142204 a multiple of 26?
False
Is 61369006 a multiple of 187?
False
Is 39424729 a multiple of 18?
False
Does 5005 divide 621261917?
False
Is 471831008 a multiple of 5?
False
Is 237696810 a multiple of 6?
True
Does 37 divide 201637678?
False
Is 8 a factor of 18066104?
True
Is 78197245 a multiple of 737?
False
Is 180685689 a multiple of 154?
False
Is 8 a factor of 142510360?
True
Does 1336 divide 174656774?
False
Is 15 a factor of 59751954?
False
Is 18754298 a multiple of 36?
False
Does 6524 divide 2349194540?
True
Does 1063 divide 7057257?
True
Is 65330958 a multiple of 231?
True
Does 125 divide 37431000?
True
Is 855 a factor of 954574155?
True
Does 712 divide 454256?
True
Does 17 divide 1865077773?
False
Does 12 divide 61530230?
False
Is 8986560 a multiple of 92?
True
Does 123 divide 851041182?
True
Does 4 divide 65979227?
False
Is 1028285190 a multiple of 155?
True
Does 39 divide 347850723?
False
Does 144 divide 7338266?
False
Is 2327964306 a multiple of 52?
False
Is 185123522 a multiple of 13?
False
Does 1299 divide 619436902?
False
Does 447 divide 96033029?
False
Does 8 divide 52531528?
True
Does 677 divide 896906525?
True
Does 5 divide 3358065?
True
Is 1857641 a multiple of 17?
True
Does 40 divide 2682843204?
False
Is 100061856 a multiple of 36?
True
Does 20 divide 29052362?
False
Does 102 divide 16346517?
False
Is 41564180 a multiple of 155?
True
Is 2802 a factor of 445687032?
False
Is 268 a factor of 362089440?
True
Does 64 divide 41761332?
False
Does 85 divide 2922924410?
True
Is 11202452 a multiple of 724?
True
Does 37 divide 4182371?
False
Is 16 a factor of 32455018?
False
Is 604 a factor of 232524296?
True
Does 1820 divide 68792360?
True
Is 607457180 a multiple of 20?
True
Is 345 a factor of 6631292?
False
Is 62 a factor of 58308892?
True
Is 1800 a factor of 466851600?
True
Does 15 divide 901011?
False
Is 107 a factor of 3026602?
True
Is 72469560 a multiple of 3?
True
Is 620 a factor of 12988959?
False
Is 231525604 a multiple of 3062?
False
Does 2316 divide 42352692?
True
Is 227495227 a multiple of 958?
False
Is 22937946 a multiple of 463?
True
Is 7 a factor of 1455324?
False
Is 974 a factor of 5018048?
True
Is 143492767 a multiple of 352?
False
Is 41865712 a multiple of 404?
True
Is 24 a factor of 2988263088?
True
Does 77 divide 25419702?
True
Is 421 a factor of 82207541?
False
Does 1735 divide 1865825940?
True
Is 195804677 a multiple of 156?
False
Is 93 a factor of 95665574?
False
Is 11 a factor of 670449489?
False
Is 1701 a factor of 37330146?
True
Is 1615 a factor of 681760945?
True
Is 53 a factor of 92298917?
True
Is 203589540 a multiple of 6?
True
Does 487 divide 20842064?
False
Does 423 divide 55392135?
False
Is 6900516 a multiple of 21?
True
Is 12 a factor of 2916094?
False
Is 584323344 a multiple of 792?
True
Is 1664 a factor of 50550656?
True
Is 100499385 a multiple of 1505?
True
Is 9 a factor of 432305613?
True
Is 3 a factor of 849391140?
True
Is 22548288 a multiple of 16?
True
Does 179 divide 21785411?
False
Does 2652 divide 10952760?
True
Is 17 a factor of 760638310?
True
Is 2139257 a multiple of 2?
False
Is 63027810 a multiple of 1899?
True
Does 2 divide 1428843?
False
Does 31 divide 32499408?
True
Does 16 divide 8228112?
True
Is 70212675 a multiple of 2525?
True
Is 267 a factor of 49138791?
False
Is 201227351 a multiple of 799?
True
Is 2016 a factor of 13150661?
False
Is 373082667 a multiple of 104?
False
Does 5057 divide 810581473?
True
Is 2218374 a multiple of 9?
True
Is 331802 a multiple of 7?
False
Does 407 divide 451584408?
True
Is 14 a factor of 127670008?
False
Does 614 divide 73915405?
False
Is 215 a factor of 116895186?
False
Does 1473 divide 10327203?
True
Is 24 a factor of 61793650?
False
Is 95477449 a multiple of 151?
False
Is 108 a factor of 522109476?
True
Is 7 a factor of 35183841?
True
Does 178 divide 47199192?
True
Is 1871966822 a multiple of 159?
False
Is 608856360 a multiple of 424?
False
Is 715 a factor of 28176022?
False
Does 57 divide 32243981?
False
Is 8 a factor of 7918368?
True
Does 19 divide 881389100?
True
Is 21 a factor of 8992874?
False
Is 314952815 a multiple of 347?
True
Does 235 divide 225599688?
False
Is 6 a factor of 102871196?
False
Is 4070017 a multiple of 22?
False
Does 90 divide 28016280?
True
Is 30 a factor of 148183770?
True
Does 6 divide 222178307?
False
Is 385 a factor of 122434620?
True
Does 11 divide 9440655?
False
Is 215 a factor of 111015895?
True
Is 19 a factor of 351880969?
True
Is 36 a factor of 85692209?
False
Is 28685290 a multiple of 13?
False
Is 334072123 a multiple of 11?
True
Is 8057965 a multiple of 1755?
False
Is 21 a factor of 1559156?
False
Is 203890572 a multiple of 9?
True
Is 561401350 a multiple of 1716?
False
Is 27183249 a multiple of 31?
True
Does 7 divide 114491075?
False
Is 86 a factor of 187093548?
False
Is 41 a factor of 355856762?
False
Is 39 a factor of 58036031?
False
Is 52222954 a multiple of 1785?
False
Does 57 divide 1472593689?
True
Does 33 divide 2712688704?
True
Is 2149381808 a multiple of 136?
True
Is 138860710 a multiple of 91?
False
Does 3320 divide 50898592?
False
Is 1983587 a multiple of 2?
False
Is 100 a factor of 69706600?
True
Is 662 a factor of 561836752?
True
Is 825 a factor of 736960437?
False
Is 457872450 a multiple of 7847?
True
Does 286 divide 77410006?
False
Is 29 a factor of 32923716?
False
Is 20923946 a multiple of 12?
False
Does 58 divide 1266243878?
True
Is 6934544826 a multiple of 4582?
False
Is 2197258638 a multiple of 68?
False
Does 4365 divide 4076910?
True
Does 2584 divide 92331488?
True
Does 8 divide 84823927?
False
Is 2523 a factor of 244082589?
True
Is 1582078 even?
True
Is 99 a factor of 1902891423?
False
Is 1207 a factor of 668512641?
True
Is 17 a factor of 23686870?
False
Does 10 divide 156879457?
False
Does 21 divide 70514661?
True
Does 65 divide 80279536?
False
Is 51880310 a multiple of 745?
True
Is 5611 a factor of 4852381639?
False
Does 14 divide 1586112724?
True
Is 537 a factor of 4626507?
False
Does 98 divide 4944100?
True
Is 62 a factor of 44009899?
False
Is 2289773472 a multiple of 16?
True
Is 142 a factor of 120199954?
False
Does 1516 divide 3857014831?
False
Is 43152912 a multiple of 130?
False
Does 1115 divide 416407994?
False
Does 61 divide 17417696?
True
Does 13 divide 29827452?
False
Is 988 a factor of 1664780?
True
Does 6 divide 840368?
False
Is 18662659 a multiple of 89?
False
Is 552 a factor of 62465976?
True
Is 5025764 a multiple of 4?
True
Does 156 divide 28935972?
True
Is 6 a factor of 287908262?
False
Does 11 divide 623938810?
True
Does 154 divide 110119441?
False
Is 3096551835 a multiple of 5265?
True
Is 639162916 a multiple of 295?
False
Is 367 a factor of 36372636?
True
Is 108795750 a multiple of 15?
True
Does 554 divide 177737659?
False
Is 10487355 a multiple of 20?
False
Is 2876 a factor of 680953396?
True
Is 30684972 a multiple of 282?
False
Is 192129118 